{"id":563,"date":"2014-04-29T21:41:07","date_gmt":"2014-04-29T20:41:07","guid":{"rendered":"http:\/\/aemped.org\/?page_id=563"},"modified":"2020-11-11T00:52:02","modified_gmt":"2020-11-10T23:52:02","slug":"grupo-de-trabajo","status":"publish","type":"page","link":"https:\/\/aemped.org\/?page_id=563","title":{"rendered":"GRUPOS DE TRABAJO"},"content":{"rendered":"<p><\/p>\n<p>En la Asociaci\u00f3n existen tres grupos de trabajo, cada uno con unas funciones y objetivos concretos, que est\u00e1n abiertos a cualquier miembro asociado. Para participar de forma activa en un grupo, puedes ponerte en contacto a trav\u00e9s del email que facilitamos m\u00e1s abajo.<\/p>\n<p><\/p>\n\n<div class=\"su-tabs su-tabs-style-default su-tabs-mobile-stack\" data-active=\"3\" data-scroll-offset=\"0\" data-anchor-in-url=\"no\"><div class=\"su-tabs-nav\"><span class=\"\" data-url=\"\" data-target=\"blank\" tabindex=\"0\" role=\"button\">Docencia<\/span><span class=\"\" data-url=\"\" data-target=\"blank\" tabindex=\"0\" role=\"button\">Comunicaci\u00f3n<\/span><span class=\"\" data-url=\"\" data-target=\"blank\" tabindex=\"0\" role=\"button\">Residentes<\/span><\/div><div class=\"su-tabs-panes\"><div class=\"su-tabs-pane su-u-clearfix su-u-trim\" data-title=\"Docencia\">\n<h3><b><br \/>Objetivos:<\/b><\/h3>\n<ul>\n<li style=\"text-align: left;\">Organizar, realizar y difundir Congresos y Jornadas de Investigaci\u00f3n de Enfermer\u00eda Pedi\u00e1trica con el fin del desarrollo profesional de la misma.<\/li>\n<li style=\"text-align: left;\">Organizar, realizar y difundir cursos de formaci\u00f3n continuada de inter\u00e9s para la Enfermer\u00eda Pedi\u00e1trica.<\/li>\n<li style=\"text-align: left;\">Informaci\u00f3n sobre Cursos, Jornadas y Congresos de Enfermer\u00eda Pedi\u00e1trica organizados por sociedades externas a la Asociaci\u00f3n.<\/li>\n<li style=\"text-align: left;\">Desarrollar cursos de formaci\u00f3n espec\u00edfica en Enfermer\u00eda Pedi\u00e1trica para sociedades externas a la Asociaci\u00f3n.<\/li>\n<li style=\"text-align: left;\">Asesoramiento y formaci\u00f3n en investigaci\u00f3n en Enfermer\u00eda Pedi\u00e1trica.<\/li>\n<li style=\"text-align: left;\">Elaboraci\u00f3n de documentos basados en la evidencia y difusi\u00f3n de dichos documentos.<\/li>\n<\/ul>\n<h3><b>Miembros del grupo:<\/b><\/h3>\n<ul>\n<li>Mar\u00eda Luisa D\u00edaz Mart\u00ednez<\/li>\n<li>Gonzalo Albarr\u00e1n Medrano<\/li>\n<li>M\u00f3nica Santos Berm\u00fadez de Castro<\/li>\n<li>Ester Garc\u00eda Garc\u00eda<\/li>\n<li>Miryam Rojo Avial<\/li>\n<li>Juan Manuel V\u00e1zquez S\u00e1nchez<\/li>\n<li>Ana Nombela Franco<\/li>\n<\/ul>\n<h3><b>Contacto:<\/b><\/h3>\n<p><b>&nbsp;<\/b><a href=\"mailto:docencia@aemped.org\">docencia@aemped.org<\/a><\/p>\n<\/div>\n<div class=\"su-tabs-pane su-u-clearfix su-u-trim\" data-title=\"Comunicaci\u00f3n\">\n<h3><b>Objetivos:<\/b><\/h3>\n<ul>\n<li>Relaciones externas y comunicaci\u00f3n de la asociaci\u00f3n con otras asociaciones, organismos, instituciones, entes, administraci\u00f3n, prensa, etc.<\/li>\n<li>Dar a conocer la asociaci\u00f3n a los profesionales de la salud y a la administraci\u00f3n.<\/li>\n<li>Mantener y actualizar la p\u00e1gina web y las redes sociales.<\/li>\n<\/ul>\n<h3><b>Miembros del grupo:<\/b><\/h3>\n<ul>\n<li>Mar\u00eda Dolores Navarrete Zampa\u00f1a<\/li>\n<li>Gonzalo Albarr\u00e1n Medrano<\/li>\n<li>Aida Junquera Garc\u00eda<\/li>\n<\/ul>\n<h3><b>Contacto:<\/b><\/h3>\n<p><a href=\"mailto:comunicacion@aemped.org\">comunicacion@aemped.org<\/a><\/p>\n<\/div>\n<div class=\"su-tabs-pane su-u-clearfix su-u-trim\" data-title=\"Residentes\">\n<h3><b>Objetivos:<\/b><\/h3>\n<ul>\n<li>Estar en contacto con los residentes de Enfermer\u00eda Pedi\u00e1trica y trasladar sus demandas y sugerencias de formaci\u00f3n a los organismos pertinentes.<\/li>\n<li>Velar por la mejora de la calidad de la formaci\u00f3n de los residentes de Enfermer\u00eda Pedi\u00e1trica.<\/li>\n<\/ul>\n<h3><b>Miembros del grupo:<\/b><\/h3>\n<ul>\n<li>Miryam Rojo Avial<\/li>\n<li>M\u00f3nica Santos Berm\u00fadez de Castro<\/li>\n<li>Juan Manuel V\u00e1zquez S\u00e1nchez<\/li>\n<\/ul>\n<h3><b>Contacto:<\/b><\/h3>\n<p><a href=\"mailto:docencia@aemped.org\">residentes@aemped.org<\/a><\/p>\n<\/div><\/div><\/div>\n\n\n\n<p><\/p>\n","protected":false},"excerpt":{"rendered":"<p>En la Asociaci\u00f3n existen tres grupos de trabajo, cada uno con unas funciones y objetivos concretos, que est\u00e1n abiertos a cualquier miembro asociado. Para participar de forma activa en un grupo, puedes ponerte en contacto a trav\u00e9s del email que facilitamos m\u00e1s abajo.<\/p>\n","protected":false},"author":1,"featured_media":0,"parent":17,"menu_order":0,"comment_status":"closed","ping_status":"closed","template":"","meta":{"site-sidebar-layout":"default","site-content-layout":"default","ast-site-content-layout":"default","site-content-style":"default","site-sidebar-style":"default","ast-global-header-display":"","ast-banner-title-visibility":"","ast-main-header-display":"","ast-hfb-above-header-display":"","ast-hfb-below-header-display":"","ast-hfb-mobile-header-display":"","site-post-title":"","ast-breadcrumbs-content":"","ast-featured-img":"","footer-sml-layout":"","ast-disable-related-posts":"","theme-transparent-header-meta":"default","adv-header-id-meta":"","stick-header-meta":"","header-above-stick-meta":"","header-main-stick-meta":"","header-below-stick-meta":"","astra-migrate-meta-layouts":"default","ast-page-background-enabled":"default","ast-page-background-meta":{"desktop":{"background-color":"","background-image":"","background-repeat":"repeat","background-position":"center center","background-size":"auto","background-attachment":"scroll","background-type":"","background-media":"","overlay-type":"","overlay-color":"","overlay-opacity":"","overlay-gradient":""},"tablet":{"background-color":"","background-image":"","background-repeat":"repeat","background-position":"center center","background-size":"auto","background-attachment":"scroll","background-type":"","background-media":"","overlay-type":"","overlay-color":"","overlay-opacity":"","overlay-gradient":""},"mobile":{"background-color":"","background-image":"","background-repeat":"repeat","background-position":"center center","background-size":"auto","background-attachment":"scroll","background-type":"","background-media":"","overlay-type":"","overlay-color":"","overlay-opacity":"","overlay-gradient":""}},"ast-content-background-meta":{"desktop":{"background-color":"var(--ast-global-color-5)","background-image":"","background-repeat":"repeat","background-position":"center center","background-size":"auto","background-attachment":"scroll","background-type":"","background-media":"","overlay-type":"","overlay-color":"","overlay-opacity":"","overlay-gradient":""},"tablet":{"background-color":"var(--ast-global-color-5)","background-image":"","background-repeat":"repeat","background-position":"center center","background-size":"auto","background-attachment":"scroll","background-type":"","background-media":"","overlay-type":"","overlay-color":"","overlay-opacity":"","overlay-gradient":""},"mobile":{"background-color":"var(--ast-global-color-5)","background-image":"","background-repeat":"repeat","background-position":"center center","background-size":"auto","background-attachment":"scroll","background-type":"","background-media":"","overlay-type":"","overlay-color":"","overlay-opacity":"","overlay-gradient":""}},"footnotes":"","_links_to":"","_links_to_target":""},"class_list":["post-563","page","type-page","status-publish","hentry"],"_links":{"self":[{"href":"https:\/\/aemped.org\/index.php?rest_route=\/wp\/v2\/pages\/563","targetHints":{"allow":["GET"]}}],"collection":[{"href":"https:\/\/aemped.org\/index.php?rest_route=\/wp\/v2\/pages"}],"about":[{"href":"https:\/\/aemped.org\/index.php?rest_route=\/wp\/v2\/types\/page"}],"author":[{"embeddable":true,"href":"https:\/\/aemped.org\/index.php?rest_route=\/wp\/v2\/users\/1"}],"replies":[{"embeddable":true,"href":"https:\/\/aemped.org\/index.php?rest_route=%2Fwp%2Fv2%2Fcomments&post=563"}],"version-history":[{"count":41,"href":"https:\/\/aemped.org\/index.php?rest_route=\/wp\/v2\/pages\/563\/revisions"}],"predecessor-version":[{"id":2180,"href":"https:\/\/aemped.org\/index.php?rest_route=\/wp\/v2\/pages\/563\/revisions\/2180"}],"up":[{"embeddable":true,"href":"https:\/\/aemped.org\/index.php?rest_route=\/wp\/v2\/pages\/17"}],"wp:attachment":[{"href":"https:\/\/aemped.org\/index.php?rest_route=%2Fwp%2Fv2%2Fmedia&parent=563"}],"curies":[{"name":"wp","href":"https:\/\/api.w.org\/{rel}","templated":true}]}}